{"id":820,"date":"2024-11-04T10:52:25","date_gmt":"2024-11-04T11:52:25","guid":{"rendered":"https:\/\/krigsspel.se\/wordpress\/?page_id=820"},"modified":"2024-11-04T11:33:25","modified_gmt":"2024-11-04T12:33:25","slug":"aar-on-to-paris","status":"publish","type":"page","link":"https:\/\/krigsspel.se\/wordpress\/aar-on-to-paris\/","title":{"rendered":"AAR &#8211; On to Paris"},"content":{"rendered":"\n<div class=\"wp-block-cover alignfull is-light has-medium-font-size\" style=\"margin-top:var(--wp--preset--spacing--80);margin-bottom:var(--wp--preset--spacing--80);padding-top:var(--wp--preset--spacing--80);padding-bottom:0;padding-left:0;min-height:100px;aspect-ratio:unset;\"><span aria-hidden=\"true\" class=\"wp-block-cover__background has-white-background-color has-background-dim-0 has-background-dim\"><\/span><img loading=\"lazy\" decoding=\"async\" width=\"2400\" height=\"1941\" class=\"wp-block-cover__image-background wp-image-830\" alt=\"\" src=\"https:\/\/krigsspel.se\/wordpress\/wp-content\/uploads\/2024\/11\/pic2466874-1.jpg\" data-object-fit=\"cover\" srcset=\"https:\/\/krigsspel.se\/wordpress\/wp-content\/uploads\/2024\/11\/pic2466874-1.jpg 2400w, https:\/\/krigsspel.se\/wordpress\/wp-content\/uploads\/2024\/11\/pic2466874-1-300x243.jpg 300w, https:\/\/krigsspel.se\/wordpress\/wp-content\/uploads\/2024\/11\/pic2466874-1-1024x828.jpg 1024w, https:\/\/krigsspel.se\/wordpress\/wp-content\/uploads\/2024\/11\/pic2466874-1-768x621.jpg 768w, https:\/\/krigsspel.se\/wordpress\/wp-content\/uploads\/2024\/11\/pic2466874-1-1536x1242.jpg 1536w, https:\/\/krigsspel.se\/wordpress\/wp-content\/uploads\/2024\/11\/pic2466874-1-2048x1656.jpg 2048w\" sizes=\"auto, (max-width: 2400px) 100vw, 2400px\" \/><div class=\"wp-block-cover__inner-container has-global-padding is-layout-constrained wp-container-core-cover-is-layout-9c2e281e wp-block-cover-is-layout-constrained\">\n<h2 class=\"wp-block-heading has-text-align-center has-text-color has-background\" style=\"color:#ffffff;background-color:#0000003d;margin-top:0rem;margin-bottom:1.01rem;font-size:clamp(2.84rem, 2.84rem + ((1vw - 0.2rem) * 4.855), 5.51rem);font-style:normal;font-weight:400;line-height:1.1;text-transform:capitalize\">After action report<\/h2>\n\n\n\n<div class=\"wp-block-group alignwide is-vertical is-content-justification-center is-layout-flex wp-container-core-group-is-layout-5e763914 wp-block-group-is-layout-flex\" style=\"min-height:35rem\">\n<div class=\"wp-block-group has-global-padding is-layout-constrained wp-container-core-group-is-layout-bea02a06 wp-block-group-is-layout-constrained\">\n<h3 class=\"wp-block-heading has-text-align-center has-text-color has-background\" style=\"color:#ffffff;background-color:#0000003d;margin-bottom:1rem;font-size:clamp(2.071rem, 2.071rem + ((1vw - 0.2rem) * 2.98), 3.71rem);font-style:normal;font-weight:400;line-height:1;text-transform:none\">On to Paris av Strv102r<\/h3>\n<\/div>\n<\/div>\n<\/div><\/div>\n\n\n\n<section class=\"wp-block-group alignfull has-text-color has-background has-global-padding is-layout-constrained wp-container-core-group-is-layout-38ad39fd wp-block-group-is-layout-constrained\" style=\"color:#03081e;background-color:#eff9ff;margin-top:0px;padding-top:5.01rem;padding-right:1rem;padding-bottom:5.5rem;padding-left:1rem;font-size:clamp(0.875rem, 0.875rem + ((1vw - 0.2rem) * 0.464), 1.13rem);font-style:normal;font-weight:400;line-height:1.4\">\n<div class=\"wp-block-columns is-layout-flex wp-container-core-columns-is-layout-db2df21c wp-block-columns-is-layout-flex\" style=\"margin-bottom:0px\">\n<div class=\"wp-block-column has-global-padding is-content-justification-left is-layout-constrained wp-container-core-column-is-layout-12dd3699 wp-block-column-is-layout-constrained\" style=\"flex-basis:45%\">\n<figure class=\"wp-block-image aligncenter size-full is-resized has-custom-border\"><img loading=\"lazy\" decoding=\"async\" width=\"420\" height=\"600\" src=\"https:\/\/krigsspel.se\/wordpress\/wp-content\/uploads\/2024\/11\/image.webp\" alt=\"\" class=\"wp-image-826\" style=\"border-radius:30px;width:446px;height:auto\" srcset=\"https:\/\/krigsspel.se\/wordpress\/wp-content\/uploads\/2024\/11\/image.webp 420w, https:\/\/krigsspel.se\/wordpress\/wp-content\/uploads\/2024\/11\/image-210x300.webp 210w\" sizes=\"auto, (max-width: 420px) 100vw, 420px\" \/><\/figure>\n\n\n\n<figure class=\"wp-block-image aligncenter size-full is-resized has-custom-border\"><img loading=\"lazy\" decoding=\"async\" width=\"869\" height=\"470\" src=\"https:\/\/krigsspel.se\/wordpress\/wp-content\/uploads\/2024\/11\/pic2333136.webp\" alt=\"\" class=\"wp-image-835\" style=\"border-radius:30px;width:446px;height:auto\" srcset=\"https:\/\/krigsspel.se\/wordpress\/wp-content\/uploads\/2024\/11\/pic2333136.webp 869w, https:\/\/krigsspel.se\/wordpress\/wp-content\/uploads\/2024\/11\/pic2333136-300x162.webp 300w, https:\/\/krigsspel.se\/wordpress\/wp-content\/uploads\/2024\/11\/pic2333136-768x415.webp 768w\" sizes=\"auto, (max-width: 869px) 100vw, 869px\" \/><\/figure>\n\n\n\n<figure class=\"wp-block-image aligncenter size-full is-resized has-custom-border\"><img loading=\"lazy\" decoding=\"async\" width=\"1067\" height=\"800\" src=\"https:\/\/krigsspel.se\/wordpress\/wp-content\/uploads\/2024\/11\/20230712-212904.jpg\" alt=\"\" class=\"wp-image-839\" style=\"border-radius:30px;width:446px;height:auto\" srcset=\"https:\/\/krigsspel.se\/wordpress\/wp-content\/uploads\/2024\/11\/20230712-212904.jpg 1067w, https:\/\/krigsspel.se\/wordpress\/wp-content\/uploads\/2024\/11\/20230712-212904-300x225.jpg 300w, https:\/\/krigsspel.se\/wordpress\/wp-content\/uploads\/2024\/11\/20230712-212904-1024x768.jpg 1024w, https:\/\/krigsspel.se\/wordpress\/wp-content\/uploads\/2024\/11\/20230712-212904-768x576.jpg 768w\" sizes=\"auto, (max-width: 1067px) 100vw, 1067px\" \/><\/figure>\n\n\n\n<figure class=\"wp-block-image size-full is-resized has-custom-border\"><img loading=\"lazy\" decoding=\"async\" width=\"982\" height=\"732\" src=\"https:\/\/krigsspel.se\/wordpress\/wp-content\/uploads\/2024\/11\/ontoparis1.jpg\" alt=\"\" class=\"wp-image-843\" style=\"border-radius:30px;width:487px;height:auto\" srcset=\"https:\/\/krigsspel.se\/wordpress\/wp-content\/uploads\/2024\/11\/ontoparis1.jpg 982w, https:\/\/krigsspel.se\/wordpress\/wp-content\/uploads\/2024\/11\/ontoparis1-300x224.jpg 300w, https:\/\/krigsspel.se\/wordpress\/wp-content\/uploads\/2024\/11\/ontoparis1-768x572.jpg 768w\" sizes=\"auto, (max-width: 982px) 100vw, 982px\" \/><\/figure>\n\n\n\n<p><br><br><br><br><br><br><br><br><br><br><br><br><br><br><br><br><br><br><br><br><\/p>\n\n\n\n<figure class=\"wp-block-image size-large is-resized has-custom-border\"><img loading=\"lazy\" decoding=\"async\" width=\"1024\" height=\"768\" src=\"https:\/\/krigsspel.se\/wordpress\/wp-content\/uploads\/2024\/11\/20230724-132022-1024x768.jpg\" alt=\"\" class=\"wp-image-844\" style=\"border-radius:30px;width:487px;height:auto\" srcset=\"https:\/\/krigsspel.se\/wordpress\/wp-content\/uploads\/2024\/11\/20230724-132022-1024x768.jpg 1024w, https:\/\/krigsspel.se\/wordpress\/wp-content\/uploads\/2024\/11\/20230724-132022-300x225.jpg 300w, https:\/\/krigsspel.se\/wordpress\/wp-content\/uploads\/2024\/11\/20230724-132022-768x576.jpg 768w, https:\/\/krigsspel.se\/wordpress\/wp-content\/uploads\/2024\/11\/20230724-132022.jpg 1067w\" sizes=\"auto, (max-width: 1024px) 100vw, 1024px\" \/><\/figure>\n<\/div>\n\n\n\n<div class=\"wp-block-column is-layout-flow wp-block-column-is-layout-flow\">\n<div class=\"wp-block-group is-vertical is-content-justification-left is-layout-flex wp-container-core-group-is-layout-c5d44cae wp-block-group-is-layout-flex\" style=\"min-height:100%\">\n<div class=\"wp-block-group has-global-padding is-content-justification-center is-layout-constrained wp-container-core-group-is-layout-b15c80d6 wp-block-group-is-layout-constrained\">\n<h3 class=\"wp-block-heading has-text-align-left has-text-color\" style=\"color:#345c01;margin-top:0.5rem;margin-bottom:1.01rem;font-size:clamp(1.556rem, 1.556rem + ((1vw - 0.2rem) * 1.916), 2.61rem);font-style:normal;font-weight:500;letter-spacing:0px;line-height:1.3;text-transform:none\">AAR &#8211; On to Paris<\/h3>\n\n\n\n<p class=\"has-text-align-left has-text-color\" style=\"color:#03081e;margin-top:0rem;font-size:clamp(0.875rem, 0.875rem + ((1vw - 0.2rem) * 0.609), 1.21rem);font-style:normal;font-weight:400;line-height:1.6\">Nu har vi n\u00e5tt till detta som jag speltestade 2012. Jag gjorde en replay p\u00e5 den d\u00e5 ocks\u00e5 som finns p\u00e5 l\u00e4nken nedan om n\u00e5gon skulle k\u00e4nna sig sugen p\u00e5 den f\u00f6r j\u00e4mf\u00f6relsens skull. Grunden \u00e4r tagen fr\u00e5n VGs Civil War, ett suver\u00e4nt spel, men d\u00e5 d\u00e5 b\u00e5de ytor och tidsintervaller skiljer sig avsev\u00e4rt s\u00e5 evolverade det till n\u00e5got aningen annorlunda \u00e4ven om mycket k\u00e4nns igen.<br><a href=\"http:\/\/www.krigsspel.se\/forum\/index.php\/topic,3104.0.html\" target=\"_blank\" rel=\"noreferrer noopener\">http:\/\/www.krigsspel.se\/forum\/index.php\/topic,3104.0.html<\/a><br><br><br><br><br><br><br>Komponenterna. Till v\u00e4nster exempel p\u00e5 brickor.<br><br><br><br><br><br><br><br><br><br><br><br><br><br>S\u00e5 h\u00e4r ser utg\u00e5ngsl\u00e4get ut.<br><br><br><br><br><br><br><br><br><br><br>Lite av en inzoomning av operationsomr\u00e5det. Nedan en bild med markeringar f\u00f6r de operativa f\u00f6rbanden.<br>F\u00f6rbanden inom det med r\u00f6d markering avgr\u00e4nsade omr\u00e5det \u00e4r preussiska 1 arm\u00e9n under hj\u00e4lten fr\u00e5n 1866, Steinmetz. Han har tv\u00e5 k\u00e5rer och tv\u00e5 kavdiv.<br>F\u00f6rbanden inom det med gul markering avgr\u00e4nsade omr\u00e5det \u00e4r preussiska 2 arm\u00e9n under Fredrik Karl i s\u00e4llskap av den preussiska kungen Willhelm. Han har sex k\u00e5rer (varav en \u00e4r den sachsiska) och tre kavdiv.<br>F\u00f6rbanden inom det med svart markering avgr\u00e4nsade omr\u00e5det \u00e4r preussiska 3 arm\u00e9n under Karl i s\u00e4llskap av den preussiska kungen Willhelm. Han har fyra k\u00e5rer (varav tv\u00e5 \u00e4r bajerska) och en kavdiv.<br>F\u00f6rbanden inom det med m\u00f6rkbl\u00e5 markering avgr\u00e4nsade omr\u00e5det \u00e4r den franska Rhen-arm\u00e9n under Lebeuf i s\u00e4llskap av kejsaren N3. Han har fyra k\u00e5rer och tv\u00e5 kavdiv. de franska k\u00e5rerna \u00e4r st\u00f6rre \u00e4n de preussiska, tre stycken under bef\u00e4l av marskalkar (som inte fick bli arm\u00e9chefer), \u00e4r v\u00e4sentligt st\u00f6rre, d\u00e5 dessa tunga k\u00e5rer skapades f\u00f6r att tr\u00f6sta dem.<br>F\u00f6rbanden inom det med ljusbl\u00e5 markering avgr\u00e4nsade omr\u00e5det \u00e4r den franska Alsace-arm\u00e9n under MacMahon. Han har tv\u00e5 k\u00e5rer och en kavdiv.<br>I Chalon sur Marne finns 2 k\u00e5rer under mobilisering, och i Colmar finns en k\u00e5r. I Nancy finns en Kavdiv. Dessutom lite spridda divisioner.<br><br><br><br><br><br><br><br><br><br><br>En inzooming i det initiala stridsomr\u00e5det. Titta p\u00e5 j\u00e4rnv\u00e4gsn\u00e4tet mot <br>v\u00e4ster och Paris. Den tyska blivande prim\u00e4ra underh\u00e5llsv\u00e4gen. Fort och <br>f\u00e4stningar l\u00e4ngs v\u00e4gen i massor. Och det g\u00e5r inte att kringg\u00e5 dem <br>s\u00f6derut \u00f6ver Luneville och Epinal. Se nedan.&nbsp; <br><br><br><br><br><br><\/p>\n<\/div>\n<\/div>\n<\/div>\n<\/div>\n<\/section>\n\n\n\n<section class=\"wp-block-cover alignfull\" style=\"margin-top:0px;padding-bottom:0rem;min-height:650px;aspect-ratio:unset;\"><span aria-hidden=\"true\" class=\"wp-block-cover__background has-background-dim-0 has-background-dim\" style=\"background-color:#7d6e62\"><\/span><img loading=\"lazy\" decoding=\"async\" width=\"1920\" height=\"1080\" class=\"wp-block-cover__image-background wp-image-544\" alt=\"\" src=\"http:\/\/krigsspel.se\/wordpress\/wp-content\/uploads\/2024\/11\/2024-10-05-20.43.43-Stor.jpg\" data-object-fit=\"cover\" srcset=\"https:\/\/krigsspel.se\/wordpress\/wp-content\/uploads\/2024\/11\/2024-10-05-20.43.43-Stor.jpg 1920w, https:\/\/krigsspel.se\/wordpress\/wp-content\/uploads\/2024\/11\/2024-10-05-20.43.43-Stor-300x169.jpg 300w, https:\/\/krigsspel.se\/wordpress\/wp-content\/uploads\/2024\/11\/2024-10-05-20.43.43-Stor-1024x576.jpg 1024w, https:\/\/krigsspel.se\/wordpress\/wp-content\/uploads\/2024\/11\/2024-10-05-20.43.43-Stor-768x432.jpg 768w, https:\/\/krigsspel.se\/wordpress\/wp-content\/uploads\/2024\/11\/2024-10-05-20.43.43-Stor-1536x864.jpg 1536w\" sizes=\"auto, (max-width: 1920px) 100vw, 1920px\" \/><div class=\"wp-block-cover__inner-container has-global-padding is-layout-constrained wp-container-core-cover-is-layout-85e38191 wp-block-cover-is-layout-constrained\">\n<div class=\"wp-block-group alignfull has-text-color has-global-padding is-layout-constrained wp-container-core-group-is-layout-6f61d7e7 wp-block-group-is-layout-constrained\" style=\"color:#252525;margin-top:0px;padding-top:0rem;padding-right:1rem;padding-bottom:0rem;padding-left:1rem;font-size:clamp(0.875rem, 0.875rem + ((1vw - 0.2rem) * 0.464), 1.13rem);font-style:normal;font-weight:400;line-height:1.4\">\n<div class=\"wp-block-group is-vertical is-content-justification-center is-layout-flex wp-container-core-group-is-layout-b6c1f246 wp-block-group-is-layout-flex\">\n<div class=\"wp-block-group has-global-padding is-layout-constrained wp-container-core-group-is-layout-a099c240 wp-block-group-is-layout-constrained\">\n<h2 class=\"wp-block-heading has-text-align-center has-text-color\" style=\"color:#ffffff;margin-bottom:1.11rem;font-size:clamp(1.556rem, 1.556rem + ((1vw - 0.2rem) * 1.916), 2.61rem);font-style:normal;font-weight:500;line-height:1.2;text-transform:capitalize\">Kontakta oss!<\/h2>\n\n\n\n<p class=\"has-text-align-center has-text-color\" style=\"color:#ffffff;margin-top:0rem;font-size:clamp(0.875rem, 0.875rem + ((1vw - 0.2rem) * 0.427), 1.11rem);font-style:normal;font-weight:400;line-height:1.6\">Har du fr\u00e5gor? Kontakta oss! Vi \u00e4lskar att komma i kontakt med nya och erfarna krigsspelare!<\/p>\n\n\n\n<div class=\"wp-block-group is-vertical is-content-justification-stretch is-layout-flex wp-container-core-group-is-layout-be82aac6 wp-block-group-is-layout-flex\" style=\"margin-top:0rem;padding-right:0px;padding-left:0px\">\n<div class=\"wp-block-group has-global-padding is-content-justification-center is-layout-constrained wp-container-core-group-is-layout-0638dde4 wp-block-group-is-layout-constrained\" style=\"margin-top:0px\">\n<div class=\"wp-block-buttons is-horizontal is-content-justification-right is-layout-flex wp-container-core-buttons-is-layout-1b0e492f wp-block-buttons-is-layout-flex\" style=\"margin-top:2.21rem\">\n<div class=\"wp-block-button has-custom-width wp-block-button__width-100 has-custom-font-size is-style-fill\" style=\"font-size:clamp(0.875rem, 0.875rem + ((1vw - 0.2rem) * 0.609), 1.21rem);font-style:normal;font-weight:600;line-height:1;text-transform:capitalize\"><a class=\"wp-block-button__link has-text-color has-background has-border-color wp-element-button\" href=\"https:\/\/krigsspel.se\/wordpress\/kontakt\/\" style=\"border-color:#345c01;border-style:solid;border-width:5px;border-radius:0.75rem;color:#ffffff;background-color:#407942;padding-top:1.1rem;padding-right:0.81rem;padding-bottom:1.1rem;padding-left:0.81rem\">Kontakta oss<\/a><\/div>\n<\/div>\n<\/div>\n<\/div>\n<\/div>\n<\/div>\n<\/div>\n<\/div><\/section>\n\n\n\n<p><\/p>\n","protected":false},"excerpt":{"rendered":"<p>AAR &#8211; On to Paris Nu har vi n\u00e5tt till detta som jag speltestade 2012. Jag gjorde en replay p\u00e5 den d\u00e5 ocks\u00e5 som finns p\u00e5 l\u00e4nken nedan om n\u00e5gon [&hellip;]<\/p>\n","protected":false},"author":1,"featured_media":0,"parent":0,"menu_order":0,"comment_status":"closed","ping_status":"closed","template":"","meta":{"_EventAllDay":false,"_EventTimezone":"","_EventStartDate":"","_EventEndDate":"","_EventStartDateUTC":"","_EventEndDateUTC":"","_EventShowMap":false,"_EventShowMapLink":false,"_EventURL":"","_EventCost":"","_EventCostDescription":"","_EventCurrencySymbol":"","_EventCurrencyCode":"","_EventCurrencyPosition":"","_EventDateTimeSeparator":"","_EventTimeRangeSeparator":"","_EventOrganizerID":[],"_EventVenueID":[],"_OrganizerEmail":"","_OrganizerPhone":"","_OrganizerWebsite":"","_VenueAddress":"","_VenueCity":"","_VenueCountry":"","_VenueProvince":"","_VenueState":"","_VenueZip":"","_VenuePhone":"","_VenueURL":"","_VenueStateProvince":"","_VenueLat":"","_VenueLng":"","_VenueShowMap":false,"_VenueShowMapLink":false,"iawp_total_views":28,"footnotes":""},"folder":[],"class_list":["post-820","page","type-page","status-publish","hentry"],"yoast_head":"<!-- This site is optimized with the Yoast SEO plugin v27.5 - https:\/\/yoast.com\/product\/yoast-seo-wordpress\/ -->\n<title>AAR - On to Paris - Krigsspel.se<\/title>\n<meta name=\"robots\" content=\"index, follow, max-snippet:-1, max-image-preview:large, max-video-preview:-1\" \/>\n<link rel=\"canonical\" href=\"https:\/\/krigsspel.se\/wordpress\/aar-on-to-paris\/\" \/>\n<meta property=\"og:locale\" content=\"sv_SE\" \/>\n<meta property=\"og:type\" content=\"article\" \/>\n<meta property=\"og:title\" content=\"AAR - On to Paris - Krigsspel.se\" \/>\n<meta property=\"og:description\" content=\"AAR &#8211; On to Paris Nu har vi n\u00e5tt till detta som jag speltestade 2012. Jag gjorde en replay p\u00e5 den d\u00e5 ocks\u00e5 som finns p\u00e5 l\u00e4nken nedan om n\u00e5gon [&hellip;]\" \/>\n<meta property=\"og:url\" content=\"https:\/\/krigsspel.se\/wordpress\/aar-on-to-paris\/\" \/>\n<meta property=\"og:site_name\" content=\"Krigsspel.se\" \/>\n<meta property=\"article:publisher\" content=\"https:\/\/www.facebook.com\/groups\/6061258507\" \/>\n<meta property=\"article:modified_time\" content=\"2024-11-04T12:33:25+00:00\" \/>\n<meta property=\"og:image\" content=\"https:\/\/krigsspel.se\/wordpress\/wp-content\/uploads\/2024\/11\/pic2466874-1.jpg\" \/>\n<meta name=\"twitter:card\" content=\"summary_large_image\" \/>\n<meta name=\"twitter:label1\" content=\"Ber\u00e4knad l\u00e4stid\" \/>\n\t<meta name=\"twitter:data1\" content=\"4 minuter\" \/>\n<script type=\"application\/ld+json\" class=\"yoast-schema-graph\">{\"@context\":\"https:\\\/\\\/schema.org\",\"@graph\":[{\"@type\":\"WebPage\",\"@id\":\"https:\\\/\\\/krigsspel.se\\\/wordpress\\\/aar-on-to-paris\\\/\",\"url\":\"https:\\\/\\\/krigsspel.se\\\/wordpress\\\/aar-on-to-paris\\\/\",\"name\":\"AAR - On to Paris - Krigsspel.se\",\"isPartOf\":{\"@id\":\"https:\\\/\\\/krigsspel.se\\\/wordpress\\\/#website\"},\"primaryImageOfPage\":{\"@id\":\"https:\\\/\\\/krigsspel.se\\\/wordpress\\\/aar-on-to-paris\\\/#primaryimage\"},\"image\":{\"@id\":\"https:\\\/\\\/krigsspel.se\\\/wordpress\\\/aar-on-to-paris\\\/#primaryimage\"},\"thumbnailUrl\":\"https:\\\/\\\/krigsspel.se\\\/wordpress\\\/wp-content\\\/uploads\\\/2024\\\/11\\\/pic2466874-1.jpg\",\"datePublished\":\"2024-11-04T11:52:25+00:00\",\"dateModified\":\"2024-11-04T12:33:25+00:00\",\"breadcrumb\":{\"@id\":\"https:\\\/\\\/krigsspel.se\\\/wordpress\\\/aar-on-to-paris\\\/#breadcrumb\"},\"inLanguage\":\"sv-SE\",\"potentialAction\":[{\"@type\":\"ReadAction\",\"target\":[\"https:\\\/\\\/krigsspel.se\\\/wordpress\\\/aar-on-to-paris\\\/\"]}]},{\"@type\":\"ImageObject\",\"inLanguage\":\"sv-SE\",\"@id\":\"https:\\\/\\\/krigsspel.se\\\/wordpress\\\/aar-on-to-paris\\\/#primaryimage\",\"url\":\"https:\\\/\\\/krigsspel.se\\\/wordpress\\\/wp-content\\\/uploads\\\/2024\\\/11\\\/pic2466874-1.jpg\",\"contentUrl\":\"https:\\\/\\\/krigsspel.se\\\/wordpress\\\/wp-content\\\/uploads\\\/2024\\\/11\\\/pic2466874-1.jpg\",\"width\":2400,\"height\":1941},{\"@type\":\"BreadcrumbList\",\"@id\":\"https:\\\/\\\/krigsspel.se\\\/wordpress\\\/aar-on-to-paris\\\/#breadcrumb\",\"itemListElement\":[{\"@type\":\"ListItem\",\"position\":1,\"name\":\"Hem\",\"item\":\"https:\\\/\\\/krigsspel.se\\\/wordpress\\\/\"},{\"@type\":\"ListItem\",\"position\":2,\"name\":\"AAR &#8211; On to Paris\"}]},{\"@type\":\"WebSite\",\"@id\":\"https:\\\/\\\/krigsspel.se\\\/wordpress\\\/#website\",\"url\":\"https:\\\/\\\/krigsspel.se\\\/wordpress\\\/\",\"name\":\"Krigsspel.se\",\"description\":\"Samlingsplatsen f\u00f6r krigsspelare i Sverige\",\"publisher\":{\"@id\":\"https:\\\/\\\/krigsspel.se\\\/wordpress\\\/#organization\"},\"potentialAction\":[{\"@type\":\"SearchAction\",\"target\":{\"@type\":\"EntryPoint\",\"urlTemplate\":\"https:\\\/\\\/krigsspel.se\\\/wordpress\\\/?s={search_term_string}\"},\"query-input\":{\"@type\":\"PropertyValueSpecification\",\"valueRequired\":true,\"valueName\":\"search_term_string\"}}],\"inLanguage\":\"sv-SE\"},{\"@type\":\"Organization\",\"@id\":\"https:\\\/\\\/krigsspel.se\\\/wordpress\\\/#organization\",\"name\":\"Krigsspel.se\",\"url\":\"https:\\\/\\\/krigsspel.se\\\/wordpress\\\/\",\"logo\":{\"@type\":\"ImageObject\",\"inLanguage\":\"sv-SE\",\"@id\":\"https:\\\/\\\/krigsspel.se\\\/wordpress\\\/#\\\/schema\\\/logo\\\/image\\\/\",\"url\":\"https:\\\/\\\/krigsspel.se\\\/wordpress\\\/wp-content\\\/uploads\\\/2024\\\/10\\\/logga-1.png\",\"contentUrl\":\"https:\\\/\\\/krigsspel.se\\\/wordpress\\\/wp-content\\\/uploads\\\/2024\\\/10\\\/logga-1.png\",\"width\":592,\"height\":70,\"caption\":\"Krigsspel.se\"},\"image\":{\"@id\":\"https:\\\/\\\/krigsspel.se\\\/wordpress\\\/#\\\/schema\\\/logo\\\/image\\\/\"},\"sameAs\":[\"https:\\\/\\\/www.facebook.com\\\/groups\\\/6061258507\"]}]}<\/script>\n<!-- \/ Yoast SEO plugin. -->","yoast_head_json":{"title":"AAR - On to Paris - Krigsspel.se","robots":{"index":"index","follow":"follow","max-snippet":"max-snippet:-1","max-image-preview":"max-image-preview:large","max-video-preview":"max-video-preview:-1"},"canonical":"https:\/\/krigsspel.se\/wordpress\/aar-on-to-paris\/","og_locale":"sv_SE","og_type":"article","og_title":"AAR - On to Paris - Krigsspel.se","og_description":"AAR &#8211; On to Paris Nu har vi n\u00e5tt till detta som jag speltestade 2012. Jag gjorde en replay p\u00e5 den d\u00e5 ocks\u00e5 som finns p\u00e5 l\u00e4nken nedan om n\u00e5gon [&hellip;]","og_url":"https:\/\/krigsspel.se\/wordpress\/aar-on-to-paris\/","og_site_name":"Krigsspel.se","article_publisher":"https:\/\/www.facebook.com\/groups\/6061258507","article_modified_time":"2024-11-04T12:33:25+00:00","og_image":[{"url":"https:\/\/krigsspel.se\/wordpress\/wp-content\/uploads\/2024\/11\/pic2466874-1.jpg","type":"","width":"","height":""}],"twitter_card":"summary_large_image","twitter_misc":{"Ber\u00e4knad l\u00e4stid":"4 minuter"},"schema":{"@context":"https:\/\/schema.org","@graph":[{"@type":"WebPage","@id":"https:\/\/krigsspel.se\/wordpress\/aar-on-to-paris\/","url":"https:\/\/krigsspel.se\/wordpress\/aar-on-to-paris\/","name":"AAR - On to Paris - Krigsspel.se","isPartOf":{"@id":"https:\/\/krigsspel.se\/wordpress\/#website"},"primaryImageOfPage":{"@id":"https:\/\/krigsspel.se\/wordpress\/aar-on-to-paris\/#primaryimage"},"image":{"@id":"https:\/\/krigsspel.se\/wordpress\/aar-on-to-paris\/#primaryimage"},"thumbnailUrl":"https:\/\/krigsspel.se\/wordpress\/wp-content\/uploads\/2024\/11\/pic2466874-1.jpg","datePublished":"2024-11-04T11:52:25+00:00","dateModified":"2024-11-04T12:33:25+00:00","breadcrumb":{"@id":"https:\/\/krigsspel.se\/wordpress\/aar-on-to-paris\/#breadcrumb"},"inLanguage":"sv-SE","potentialAction":[{"@type":"ReadAction","target":["https:\/\/krigsspel.se\/wordpress\/aar-on-to-paris\/"]}]},{"@type":"ImageObject","inLanguage":"sv-SE","@id":"https:\/\/krigsspel.se\/wordpress\/aar-on-to-paris\/#primaryimage","url":"https:\/\/krigsspel.se\/wordpress\/wp-content\/uploads\/2024\/11\/pic2466874-1.jpg","contentUrl":"https:\/\/krigsspel.se\/wordpress\/wp-content\/uploads\/2024\/11\/pic2466874-1.jpg","width":2400,"height":1941},{"@type":"BreadcrumbList","@id":"https:\/\/krigsspel.se\/wordpress\/aar-on-to-paris\/#breadcrumb","itemListElement":[{"@type":"ListItem","position":1,"name":"Hem","item":"https:\/\/krigsspel.se\/wordpress\/"},{"@type":"ListItem","position":2,"name":"AAR &#8211; On to Paris"}]},{"@type":"WebSite","@id":"https:\/\/krigsspel.se\/wordpress\/#website","url":"https:\/\/krigsspel.se\/wordpress\/","name":"Krigsspel.se","description":"Samlingsplatsen f\u00f6r krigsspelare i Sverige","publisher":{"@id":"https:\/\/krigsspel.se\/wordpress\/#organization"},"potentialAction":[{"@type":"SearchAction","target":{"@type":"EntryPoint","urlTemplate":"https:\/\/krigsspel.se\/wordpress\/?s={search_term_string}"},"query-input":{"@type":"PropertyValueSpecification","valueRequired":true,"valueName":"search_term_string"}}],"inLanguage":"sv-SE"},{"@type":"Organization","@id":"https:\/\/krigsspel.se\/wordpress\/#organization","name":"Krigsspel.se","url":"https:\/\/krigsspel.se\/wordpress\/","logo":{"@type":"ImageObject","inLanguage":"sv-SE","@id":"https:\/\/krigsspel.se\/wordpress\/#\/schema\/logo\/image\/","url":"https:\/\/krigsspel.se\/wordpress\/wp-content\/uploads\/2024\/10\/logga-1.png","contentUrl":"https:\/\/krigsspel.se\/wordpress\/wp-content\/uploads\/2024\/10\/logga-1.png","width":592,"height":70,"caption":"Krigsspel.se"},"image":{"@id":"https:\/\/krigsspel.se\/wordpress\/#\/schema\/logo\/image\/"},"sameAs":["https:\/\/www.facebook.com\/groups\/6061258507"]}]}},"_links":{"self":[{"href":"https:\/\/krigsspel.se\/wordpress\/wp-json\/wp\/v2\/pages\/820","targetHints":{"allow":["GET"]}}],"collection":[{"href":"https:\/\/krigsspel.se\/wordpress\/wp-json\/wp\/v2\/pages"}],"about":[{"href":"https:\/\/krigsspel.se\/wordpress\/wp-json\/wp\/v2\/types\/page"}],"author":[{"embeddable":true,"href":"https:\/\/krigsspel.se\/wordpress\/wp-json\/wp\/v2\/users\/1"}],"replies":[{"embeddable":true,"href":"https:\/\/krigsspel.se\/wordpress\/wp-json\/wp\/v2\/comments?post=820"}],"version-history":[{"count":9,"href":"https:\/\/krigsspel.se\/wordpress\/wp-json\/wp\/v2\/pages\/820\/revisions"}],"predecessor-version":[{"id":846,"href":"https:\/\/krigsspel.se\/wordpress\/wp-json\/wp\/v2\/pages\/820\/revisions\/846"}],"wp:attachment":[{"href":"https:\/\/krigsspel.se\/wordpress\/wp-json\/wp\/v2\/media?parent=820"}],"wp:term":[{"taxonomy":"folder","embeddable":true,"href":"https:\/\/krigsspel.se\/wordpress\/wp-json\/wp\/v2\/folder?post=820"}],"curies":[{"name":"wp","href":"https:\/\/api.w.org\/{rel}","templated":true}]}}